{"id":13632,"date":"2016-03-23T12:46:01","date_gmt":"2016-03-23T12:46:01","guid":{"rendered":"https:\/\/tedelta.com\/fr\/noticias\/"},"modified":"2020-02-05T10:31:45","modified_gmt":"2020-02-05T10:31:45","slug":"noticias","status":"publish","type":"page","link":"https:\/\/tedelta.com\/fr\/noticias\/","title":{"rendered":"Noticias"},"content":{"rendered":"<div class=\"fusion-fullwidth fullwidth-box fusion-builder-row-1 nonhundred-percent-fullwidth non-hundred-percent-height-scrolling\" style=\"--awb-background-position:left top;--awb-border-radius-top-left:0px;--awb-border-radius-top-right:0px;--awb-border-radius-bottom-right:0px;--awb-border-radius-bottom-left:0px;--awb-padding-top:0px;--awb-padding-right:0px;--awb-padding-bottom:20px;--awb-padding-left:0px;--awb-border-sizes-top:0px;--awb-border-sizes-bottom:0px;--awb-flex-wrap:wrap;\" ><div class=\"fusion-builder-row fusion-row\"><div class=\"fusion-layout-column fusion_builder_column fusion-builder-column-0 fusion_builder_column_1_1 1_1 fusion-one-full fusion-column-first fusion-column-last fusion-column-no-min-height\" style=\"--awb-bg-size:cover;--awb-margin-bottom:0px;\"><div class=\"fusion-column-wrapper fusion-flex-column-wrapper-legacy\"><div class=\"fusion-title title fusion-title-1 fusion-title-text fusion-title-size-two\" style=\"--awb-sep-color:#1e73be;\"><h2 class=\"fusion-title-heading title-heading-left\" style=\"margin:0;\">ACTUALIT\u00c9S<\/h2><span class=\"awb-title-spacer\"><\/span><div class=\"title-sep-container\"><div class=\"title-sep sep- sep-solid\" style=\"border-color:#1e73be;\"><\/div><\/div><\/div><div class=\"fusion-sep-clear\"><\/div><div class=\"fusion-separator fusion-full-width-sep\" style=\"margin-left: auto;margin-right: auto;margin-top:20px;width:100%;\"><\/div><div class=\"fusion-sep-clear\"><\/div><div class=\"fusion-clearfix\"><\/div><\/div><\/div><div class=\"fusion-layout-column fusion_builder_column fusion-builder-column-1 fusion_builder_column_1_1 1_1 fusion-one-full fusion-column-first fusion-column-last fusion-column-no-min-height\" style=\"--awb-bg-size:cover;--awb-margin-bottom:0px;\"><div class=\"fusion-column-wrapper fusion-flex-column-wrapper-legacy\"><div class=\"fusion-recent-posts fusion-recent-posts-1 avada-container layout-thumbnails-on-side layout-columns-2\"><section class=\"fusion-columns columns fusion-columns-2 columns-2\"><article class=\"post fusion-column column col col-lg-6 col-md-6 col-sm-6\"><div class=\"fusion-flexslider fusion-flexslider-loading flexslider floated-slideshow flexslider-hover-type-none\"><ul class=\"slides\"><li><a href=\"https:\/\/tedelta.com\/fr\/retour-tedelta-la-prinicpale-foire-lembouteillage-espagne\/\" aria-label=\"Retour de Tedelta de la prinicpale foire de l&#8217;embouteillage en Espagne\" class=\"hover-type-none\"><img decoding=\"async\" width=\"177\" height=\"142\" src=\"https:\/\/tedelta.com\/wp-content\/uploads\/2019\/03\/WhatsApp-Image-2019-03-06-at-16.04.47-177x142.jpeg\" class=\"attachment-portfolio-five size-portfolio-five\" alt=\"Tedelta is back to Enomaq\" srcset=\"https:\/\/tedelta.com\/wp-content\/uploads\/2019\/03\/WhatsApp-Image-2019-03-06-at-16.04.47-147x118.jpeg 147w, https:\/\/tedelta.com\/wp-content\/uploads\/2019\/03\/WhatsApp-Image-2019-03-06-at-16.04.47-177x142.jpeg 177w\" sizes=\"(max-width: 177px) 100vw, 177px\" \/><\/a><\/li><\/ul><\/div><div class=\"recent-posts-content\"><h4 class=\"\"><a href=\"https:\/\/tedelta.com\/fr\/retour-tedelta-la-prinicpale-foire-lembouteillage-espagne\/\">Retour de Tedelta de la prinicpale foire de l&#8217;embouteillage en Espagne<\/a><\/h4><p>ENOMAQ-OLEOMAQ 2019 a \u00e9t\u00e9 la vitrine de la technologie potentielle pour l\u2019industrie viti-vinicole et des<\/p><\/div><\/article><article class=\"post fusion-column column col col-lg-6 col-md-6 col-sm-6\"><div class=\"fusion-flexslider fusion-flexslider-loading flexslider floated-slideshow flexslider-hover-type-none\"><ul class=\"slides\"><li><a href=\"https:\/\/tedelta.com\/fr\/tedelta-westpack-6-8-fevrier-2018-anaheim-californie\/\" aria-label=\"Tedelta \u00e0 Westpack \/ 6-8 f\u00e9vrier 2018 \/ Anaheim, CALIFORNIE\" class=\"hover-type-none\"><img decoding=\"async\" width=\"177\" height=\"142\" src=\"https:\/\/tedelta.com\/wp-content\/uploads\/2018\/01\/Imagen-Noticia-Web-177x142.jpg\" class=\"attachment-portfolio-five size-portfolio-five\" alt=\"Westpack 2018\" srcset=\"https:\/\/tedelta.com\/wp-content\/uploads\/2018\/01\/Imagen-Noticia-Web-147x118.jpg 147w, https:\/\/tedelta.com\/wp-content\/uploads\/2018\/01\/Imagen-Noticia-Web-177x142.jpg 177w\" sizes=\"(max-width: 177px) 100vw, 177px\" \/><\/a><\/li><\/ul><\/div><div class=\"recent-posts-content\"><h4 class=\"\"><a href=\"https:\/\/tedelta.com\/fr\/tedelta-westpack-6-8-fevrier-2018-anaheim-californie\/\">Tedelta \u00e0 Westpack \/ 6-8 f\u00e9vrier 2018 \/ Anaheim, CALIFORNIE<\/a><\/h4><p>Tedelta Participera \u00e0 l'un des plus grands \u00e9v\u00e9nements de l'industrie d'Am\u00e9rique du Nord, Westpack pr\u00e9sentera<\/p><\/div><\/article><article class=\"post fusion-column column col col-lg-6 col-md-6 col-sm-6\"><div class=\"fusion-flexslider fusion-flexslider-loading flexslider floated-slideshow flexslider-hover-type-none\"><ul class=\"slides\"><li><a href=\"https:\/\/tedelta.com\/fr\/cela-ete-un-plaisir-de-vous-accueillir-drinktec-2017\/\" aria-label=\"Cela a \u00e9t\u00e9 un plaisir de vous accueillir \u00e0 Drinktec 2017\" class=\"hover-type-none\"><img decoding=\"async\" width=\"177\" height=\"142\" src=\"https:\/\/tedelta.com\/wp-content\/uploads\/2017\/09\/Tedelta-Drinktec-177x142.jpg\" class=\"attachment-portfolio-five size-portfolio-five\" alt=\"Un placer poder atenderos en Drinktec 2017\" srcset=\"https:\/\/tedelta.com\/wp-content\/uploads\/2017\/09\/Tedelta-Drinktec-147x118.jpg 147w, https:\/\/tedelta.com\/wp-content\/uploads\/2017\/09\/Tedelta-Drinktec-177x142.jpg 177w\" sizes=\"(max-width: 177px) 100vw, 177px\" \/><\/a><\/li><\/ul><\/div><div class=\"recent-posts-content\"><h4 class=\"\"><a href=\"https:\/\/tedelta.com\/fr\/cela-ete-un-plaisir-de-vous-accueillir-drinktec-2017\/\">Cela a \u00e9t\u00e9 un plaisir de vous accueillir \u00e0 Drinktec 2017<\/a><\/h4><p>Un grand merci \u00e0 tous nos visiteurs\u00a0!\u00a0 Nous serons pr\u00e9sents \u00e0 la prochaine \u00e9dition de<\/p><\/div><\/article><article class=\"post fusion-column column col col-lg-6 col-md-6 col-sm-6\"><div class=\"fusion-flexslider fusion-flexslider-loading flexslider floated-slideshow flexslider-hover-type-none\"><ul class=\"slides\"><li><a href=\"https:\/\/tedelta.com\/fr\/nous-vous-attendons-las-vegas\/\" aria-label=\"Nous vous attendons \u00e0 Las Vegas!\" class=\"hover-type-none\"><img decoding=\"async\" width=\"177\" height=\"142\" src=\"https:\/\/tedelta.com\/wp-content\/uploads\/2017\/09\/Viva-las-vegas-177x142.jpg\" class=\"attachment-portfolio-five size-portfolio-five\" alt=\"\u00a1Te esperamos en las vegas!\" srcset=\"https:\/\/tedelta.com\/wp-content\/uploads\/2017\/09\/Viva-las-vegas-147x118.jpg 147w, https:\/\/tedelta.com\/wp-content\/uploads\/2017\/09\/Viva-las-vegas-177x142.jpg 177w\" sizes=\"(max-width: 177px) 100vw, 177px\" \/><\/a><\/li><\/ul><\/div><div class=\"recent-posts-content\"><h4 class=\"\"><a href=\"https:\/\/tedelta.com\/fr\/nous-vous-attendons-las-vegas\/\">Nous vous attendons \u00e0 Las Vegas!<\/a><\/h4><p>Nous vous attendons au Salon International PACK EXPO\u00a0(Las Vegas Convention Center). Nous y serons pr\u00e9sents<\/p><\/div><\/article><article class=\"post fusion-column column col col-lg-6 col-md-6 col-sm-6\"><div class=\"fusion-flexslider fusion-flexslider-loading flexslider floated-slideshow flexslider-hover-type-none\"><ul class=\"slides\"><li><a href=\"https:\/\/tedelta.com\/fr\/reservez-les-dates\/\" aria-label=\"R\u00e9servez les dates\" class=\"hover-type-none\"><img decoding=\"async\" width=\"177\" height=\"142\" src=\"https:\/\/tedelta.com\/wp-content\/uploads\/2017\/09\/mapa-177x142.jpg\" class=\"attachment-portfolio-five size-portfolio-five\" alt=\"mapa drinteck\" srcset=\"https:\/\/tedelta.com\/wp-content\/uploads\/2017\/09\/mapa-147x118.jpg 147w, https:\/\/tedelta.com\/wp-content\/uploads\/2017\/09\/mapa-177x142.jpg 177w\" sizes=\"(max-width: 177px) 100vw, 177px\" \/><\/a><\/li><\/ul><\/div><div class=\"recent-posts-content\"><h4 class=\"\"><a href=\"https:\/\/tedelta.com\/fr\/reservez-les-dates\/\">R\u00e9servez les dates<\/a><\/h4><p>Tedelta sera pr\u00e9sent au salon international Drinktec \u00e0 Munich. Venez nous rendre visite du 11<\/p><\/div><\/article><article class=\"post fusion-column column col col-lg-6 col-md-6 col-sm-6\"><div class=\"fusion-flexslider fusion-flexslider-loading flexslider floated-slideshow flexslider-hover-type-none\"><ul class=\"slides\"><li><a href=\"https:\/\/tedelta.com\/fr\/merci-de-nous-avoir-accompagnes-lexpopack-mexico\/\" aria-label=\"Merci de nous avoir accompagn\u00e9s \u00e0 l\u2019Expopack Mexico!\" class=\"hover-type-none\"><img decoding=\"async\" width=\"177\" height=\"142\" src=\"https:\/\/tedelta.com\/wp-content\/uploads\/2017\/09\/Tedelta-Drinktec-177x142.jpg\" class=\"attachment-portfolio-five size-portfolio-five\" alt=\"Un placer poder atenderos en Drinktec 2017\" srcset=\"https:\/\/tedelta.com\/wp-content\/uploads\/2017\/09\/Tedelta-Drinktec-147x118.jpg 147w, https:\/\/tedelta.com\/wp-content\/uploads\/2017\/09\/Tedelta-Drinktec-177x142.jpg 177w\" sizes=\"(max-width: 177px) 100vw, 177px\" \/><\/a><\/li><\/ul><\/div><div class=\"recent-posts-content\"><h4 class=\"\"><a href=\"https:\/\/tedelta.com\/fr\/merci-de-nous-avoir-accompagnes-lexpopack-mexico\/\">Merci de nous avoir accompagn\u00e9s \u00e0 l\u2019Expopack Mexico!<\/a><\/h4><p>Nous souhaitons vous exprimer toute notre gratitude pour l\u2019int\u00e9r\u00eat que vous avez port\u00e9 \u00e0 notre<\/p><\/div><\/article><\/section><\/div><div class=\"fusion-clearfix\"><\/div><\/div><\/div><\/div><\/div><div class=\"fusion-fullwidth fullwidth-box fusion-builder-row-2 nonhundred-percent-fullwidth non-hundred-percent-height-scrolling\" style=\"--awb-background-position:left top;--awb-border-radius-top-left:0px;--awb-border-radius-top-right:0px;--awb-border-radius-bottom-right:0px;--awb-border-radius-bottom-left:0px;--awb-padding-top:0px;--awb-padding-right:0px;--awb-padding-bottom:20px;--awb-padding-left:0px;--awb-border-sizes-top:0px;--awb-border-sizes-bottom:0px;--awb-flex-wrap:wrap;\" ><div class=\"fusion-builder-row fusion-row\"><div class=\"fusion-layout-column fusion_builder_column fusion-builder-column-2 fusion_builder_column_1_1 1_1 fusion-one-full fusion-column-first fusion-column-last fusion-column-no-min-height\" style=\"--awb-bg-size:cover;--awb-margin-bottom:0px;\"><div class=\"fusion-column-wrapper fusion-flex-column-wrapper-legacy\"><div class=\"fusion-title title fusion-title-2 fusion-title-text fusion-title-size-two\" style=\"--awb-sep-color:#1e73be;\"><h2 class=\"fusion-title-heading title-heading-left\" style=\"margin:0;\">SALONS et EVENEMENTS<\/h2><span class=\"awb-title-spacer\"><\/span><div class=\"title-sep-container\"><div class=\"title-sep sep- sep-solid\" style=\"border-color:#1e73be;\"><\/div><\/div><\/div><div class=\"fusion-sep-clear\"><\/div><div class=\"fusion-separator fusion-full-width-sep\" style=\"margin-left: auto;margin-right: auto;margin-top:20px;width:100%;\"><\/div><div class=\"fusion-sep-clear\"><\/div><div class=\"fusion-clearfix\"><\/div><\/div><\/div><div class=\"fusion-layout-column fusion_builder_column fusion-builder-column-3 fusion_builder_column_1_1 1_1 fusion-one-full fusion-column-first fusion-column-last fusion-column-no-min-height\" style=\"--awb-bg-size:cover;--awb-margin-bottom:0px;\"><div class=\"fusion-column-wrapper fusion-flex-column-wrapper-legacy\"><div class=\"fusion-clearfix\"><\/div><\/div><\/div><\/div><\/div>\n","protected":false},"excerpt":{"rendered":"","protected":false},"author":1,"featured_media":0,"parent":0,"menu_order":0,"comment_status":"closed","ping_status":"closed","template":"","meta":{"footnotes":""},"class_list":["post-13632","page","type-page","status-publish","hentry"],"_links":{"self":[{"href":"https:\/\/tedelta.com\/fr\/wp-json\/wp\/v2\/pages\/13632"}],"collection":[{"href":"https:\/\/tedelta.com\/fr\/wp-json\/wp\/v2\/pages"}],"about":[{"href":"https:\/\/tedelta.com\/fr\/wp-json\/wp\/v2\/types\/page"}],"author":[{"embeddable":true,"href":"https:\/\/tedelta.com\/fr\/wp-json\/wp\/v2\/users\/1"}],"replies":[{"embeddable":true,"href":"https:\/\/tedelta.com\/fr\/wp-json\/wp\/v2\/comments?post=13632"}],"version-history":[{"count":0,"href":"https:\/\/tedelta.com\/fr\/wp-json\/wp\/v2\/pages\/13632\/revisions"}],"wp:attachment":[{"href":"https:\/\/tedelta.com\/fr\/wp-json\/wp\/v2\/media?parent=13632"}],"curies":[{"name":"wp","href":"https:\/\/api.w.org\/{rel}","templated":true}]}}

<div class="fusion-fullwidth fullwidth-box fusion-builder-row-1 nonhundred-percent-fullwidth non-hundred-percent-height-scrolling" style="--awb-background-position:left top;--awb-border-radius-top-left:0px;--awb-border-radius-top-right:0px;--awb-border-radius-bottom-right:0px;--awb-border-radius-bottom-left:0px;--awb-padding-top:0px;--awb-padding-right:0px;--awb-padding-bottom:20px;--awb-padding-left:0px;--awb-border-sizes-top:0px;--awb-border-sizes-bottom:0px;--awb-flex-wrap:wrap;" ><div class="fusion-builder-row fusion-row"><div class="fusion-layout-column fusion_builder_column fusion-builder-column-0 fusion_builder_column_1_1 1_1 fusion-one-full fusion-column-first fusion-column-last fusion-column-no-min-height" style="--awb-bg-size:cover;--awb-margin-bottom:0px;"><div class="fusion-column-wrapper fusion-flex-column-wrapper-legacy"><div class="fusion-title title fusion-title-1 fusion-title-text fusion-title-size-two" style="--awb-sep-color:#1e73be;"><h2 class="fusion-title-heading title-heading-left" style="margin:0;">ACTUALITÉS</h2><span class="awb-title-spacer"></span><div class="title-sep-container"><div class="title-sep sep- sep-solid" style="border-color:#1e73be;"></div></div></div><div class="fusion-sep-clear"></div><div class="fusion-separator fusion-full-width-sep" style="margin-left: auto;margin-right: auto;margin-top:20px;width:100%;"></div><div class="fusion-sep-clear"></div><div class="fusion-clearfix"></div></div></div><div class="fusion-layout-column fusion_builder_column fusion-builder-column-1 fusion_builder_column_1_1 1_1 fusion-one-full fusion-column-first fusion-column-last fusion-column-no-min-height" style="--awb-bg-size:cover;--awb-margin-bottom:0px;"><div class="fusion-column-wrapper fusion-flex-column-wrapper-legacy"><div class="fusion-recent-posts fusion-recent-posts-1 avada-container layout-thumbnails-on-side layout-columns-2"><section class="fusion-columns columns fusion-columns-2 columns-2"><article class="post fusion-column column col col-lg-6 col-md-6 col-sm-6"><div class="fusion-flexslider fusion-flexslider-loading flexslider floated-slideshow flexslider-hover-type-none"><ul class="slides"><li><a href="https://tedelta.com/fr/retour-tedelta-la-prinicpale-foire-lembouteillage-espagne/" aria-label="Retour de Tedelta de la prinicpale foire de l&#8217;embouteillage en Espagne" class="hover-type-none"><img decoding="async" width="177" height="142" src="https://tedelta.com/wp-content/uploads/2019/03/WhatsApp-Image-2019-03-06-at-16.04.47-177x142.jpeg" class="attachment-portfolio-five size-portfolio-five" alt="Tedelta is back to Enomaq" srcset="https://tedelta.com/wp-content/uploads/2019/03/WhatsApp-Image-2019-03-06-at-16.04.47-147x118.jpeg 147w, https://tedelta.com/wp-content/uploads/2019/03/WhatsApp-Image-2019-03-06-at-16.04.47-177x142.jpeg 177w" sizes="(max-width: 177px) 100vw, 177px" /></a></li></ul></div><div class="recent-posts-content"><h4 class=""><a href="https://tedelta.com/fr/retour-tedelta-la-prinicpale-foire-lembouteillage-espagne/">Retour de Tedelta de la prinicpale foire de l&#8217;embouteillage en Espagne</a></h4><p>ENOMAQ-OLEOMAQ 2019 a été la vitrine de la technologie potentielle pour l’industrie viti-vinicole et des</p></div></article><article class="post fusion-column column col col-lg-6 col-md-6 col-sm-6"><div class="fusion-flexslider fusion-flexslider-loading flexslider floated-slideshow flexslider-hover-type-none"><ul class="slides"><li><a href="https://tedelta.com/fr/tedelta-westpack-6-8-fevrier-2018-anaheim-californie/" aria-label="Tedelta à Westpack / 6-8 février 2018 / Anaheim, CALIFORNIE" class="hover-type-none"><img decoding="async" width="177" height="142" src="https://tedelta.com/wp-content/uploads/2018/01/Imagen-Noticia-Web-177x142.jpg" class="attachment-portfolio-five size-portfolio-five" alt="Westpack 2018" srcset="https://tedelta.com/wp-content/uploads/2018/01/Imagen-Noticia-Web-147x118.jpg 147w, https://tedelta.com/wp-content/uploads/2018/01/Imagen-Noticia-Web-177x142.jpg 177w" sizes="(max-width: 177px) 100vw, 177px" /></a></li></ul></div><div class="recent-posts-content"><h4 class=""><a href="https://tedelta.com/fr/tedelta-westpack-6-8-fevrier-2018-anaheim-californie/">Tedelta à Westpack / 6-8 février 2018 / Anaheim, CALIFORNIE</a></h4><p>Tedelta Participera à l'un des plus grands événements de l'industrie d'Amérique du Nord, Westpack présentera</p></div></article><article class="post fusion-column column col col-lg-6 col-md-6 col-sm-6"><div class="fusion-flexslider fusion-flexslider-loading flexslider floated-slideshow flexslider-hover-type-none"><ul class="slides"><li><a href="https://tedelta.com/fr/cela-ete-un-plaisir-de-vous-accueillir-drinktec-2017/" aria-label="Cela a été un plaisir de vous accueillir à Drinktec 2017" class="hover-type-none"><img decoding="async" width="177" height="142" src="https://tedelta.com/wp-content/uploads/2017/09/Tedelta-Drinktec-177x142.jpg" class="attachment-portfolio-five size-portfolio-five" alt="Un placer poder atenderos en Drinktec 2017" srcset="https://tedelta.com/wp-content/uploads/2017/09/Tedelta-Drinktec-147x118.jpg 147w, https://tedelta.com/wp-content/uploads/2017/09/Tedelta-Drinktec-177x142.jpg 177w" sizes="(max-width: 177px) 100vw, 177px" /></a></li></ul></div><div class="recent-posts-content"><h4 class=""><a href="https://tedelta.com/fr/cela-ete-un-plaisir-de-vous-accueillir-drinktec-2017/">Cela a été un plaisir de vous accueillir à Drinktec 2017</a></h4><p>Un grand merci à tous nos visiteurs !  Nous serons présents à la prochaine édition de</p></div></article><article class="post fusion-column column col col-lg-6 col-md-6 col-sm-6"><div class="fusion-flexslider fusion-flexslider-loading flexslider floated-slideshow flexslider-hover-type-none"><ul class="slides"><li><a href="https://tedelta.com/fr/nous-vous-attendons-las-vegas/" aria-label="Nous vous attendons à Las Vegas!" class="hover-type-none"><img decoding="async" width="177" height="142" src="https://tedelta.com/wp-content/uploads/2017/09/Viva-las-vegas-177x142.jpg" class="attachment-portfolio-five size-portfolio-five" alt="¡Te esperamos en las vegas!" srcset="https://tedelta.com/wp-content/uploads/2017/09/Viva-las-vegas-147x118.jpg 147w, https://tedelta.com/wp-content/uploads/2017/09/Viva-las-vegas-177x142.jpg 177w" sizes="(max-width: 177px) 100vw, 177px" /></a></li></ul></div><div class="recent-posts-content"><h4 class=""><a href="https://tedelta.com/fr/nous-vous-attendons-las-vegas/">Nous vous attendons à Las Vegas!</a></h4><p>Nous vous attendons au Salon International PACK EXPO (Las Vegas Convention Center). Nous y serons présents</p></div></article><article class="post fusion-column column col col-lg-6 col-md-6 col-sm-6"><div class="fusion-flexslider fusion-flexslider-loading flexslider floated-slideshow flexslider-hover-type-none"><ul class="slides"><li><a href="https://tedelta.com/fr/reservez-les-dates/" aria-label="Réservez les dates" class="hover-type-none"><img decoding="async" width="177" height="142" src="https://tedelta.com/wp-content/uploads/2017/09/mapa-177x142.jpg" class="attachment-portfolio-five size-portfolio-five" alt="mapa drinteck" srcset="https://tedelta.com/wp-content/uploads/2017/09/mapa-147x118.jpg 147w, https://tedelta.com/wp-content/uploads/2017/09/mapa-177x142.jpg 177w" sizes="(max-width: 177px) 100vw, 177px" /></a></li></ul></div><div class="recent-posts-content"><h4 class=""><a href="https://tedelta.com/fr/reservez-les-dates/">Réservez les dates</a></h4><p>Tedelta sera présent au salon international Drinktec à Munich. Venez nous rendre visite du 11</p></div></article><article class="post fusion-column column col col-lg-6 col-md-6 col-sm-6"><div class="fusion-flexslider fusion-flexslider-loading flexslider floated-slideshow flexslider-hover-type-none"><ul class="slides"><li><a href="https://tedelta.com/fr/merci-de-nous-avoir-accompagnes-lexpopack-mexico/" aria-label="Merci de nous avoir accompagnés à l’Expopack Mexico!" class="hover-type-none"><img decoding="async" width="177" height="142" src="https://tedelta.com/wp-content/uploads/2017/09/Tedelta-Drinktec-177x142.jpg" class="attachment-portfolio-five size-portfolio-five" alt="Un placer poder atenderos en Drinktec 2017" srcset="https://tedelta.com/wp-content/uploads/2017/09/Tedelta-Drinktec-147x118.jpg 147w, https://tedelta.com/wp-content/uploads/2017/09/Tedelta-Drinktec-177x142.jpg 177w" sizes="(max-width: 177px) 100vw, 177px" /></a></li></ul></div><div class="recent-posts-content"><h4 class=""><a href="https://tedelta.com/fr/merci-de-nous-avoir-accompagnes-lexpopack-mexico/">Merci de nous avoir accompagnés à l’Expopack Mexico!</a></h4><p>Nous souhaitons vous exprimer toute notre gratitude pour l’intérêt que vous avez porté à notre</p></div></article></section></div><div class="fusion-clearfix"></div></div></div></div></div><div class="fusion-fullwidth fullwidth-box fusion-builder-row-2 nonhundred-percent-fullwidth non-hundred-percent-height-scrolling" style="--awb-background-position:left top;--awb-border-radius-top-left:0px;--awb-border-radius-top-right:0px;--awb-border-radius-bottom-right:0px;--awb-border-radius-bottom-left:0px;--awb-padding-top:0px;--awb-padding-right:0px;--awb-padding-bottom:20px;--awb-padding-left:0px;--awb-border-sizes-top:0px;--awb-border-sizes-bottom:0px;--awb-flex-wrap:wrap;" ><div class="fusion-builder-row fusion-row"><div class="fusion-layout-column fusion_builder_column fusion-builder-column-2 fusion_builder_column_1_1 1_1 fusion-one-full fusion-column-first fusion-column-last fusion-column-no-min-height" style="--awb-bg-size:cover;--awb-margin-bottom:0px;"><div class="fusion-column-wrapper fusion-flex-column-wrapper-legacy"><div class="fusion-title title fusion-title-2 fusion-title-text fusion-title-size-two" style="--awb-sep-color:#1e73be;"><h2 class="fusion-title-heading title-heading-left" style="margin:0;">SALONS et EVENEMENTS</h2><span class="awb-title-spacer"></span><div class="title-sep-container"><div class="title-sep sep- sep-solid" style="border-color:#1e73be;"></div></div></div><div class="fusion-sep-clear"></div><div class="fusion-separator fusion-full-width-sep" style="margin-left: auto;margin-right: auto;margin-top:20px;width:100%;"></div><div class="fusion-sep-clear"></div><div class="fusion-clearfix"></div></div></div><div class="fusion-layout-column fusion_builder_column fusion-builder-column-3 fusion_builder_column_1_1 1_1 fusion-one-full fusion-column-first fusion-column-last fusion-column-no-min-height" style="--awb-bg-size:cover;--awb-margin-bottom:0px;"><div class="fusion-column-wrapper fusion-flex-column-wrapper-legacy"><div class="fusion-clearfix"></div></div></div></div></div>
